?
True
Is 717917 composite?
False
Is 117008443 a composite number?
False
Is 91653673 prime?
True
Is 22870201 a composite number?
False
Is 152996833 prime?
False
Is 1201169 a prime number?
False
Is 214612787 a composite number?
True
Is 1728791 prime?
False
Is 879933 prime?
False
Is 75477149 prime?
False
Is 318039401 prime?
True
Is 32760017 composite?
True
Is 1095059 a composite number?
True
Is 3590537 a prime number?
True
Is 31918151 composite?
False
Is 52226749 a composite number?
True
Is 5172647 a composite number?
False
Is 95597693 a composite number?
True
Is 454673 a composite number?
False
Is 6369269 a prime number?
True
Is 19370921 a prime number?
False
Is 16680509 composite?
False
Is 2089733 a prime number?
False
Is 30841961 prime?
False
Is 3169417 a prime number?
True
Is 1679320257 prime?
False
Is 7928059 composite?
False
Is 12524999 a prime number?
False
Is 2509673 composite?
True
Is 932413 composite?
False
Is 2784286 prime?
False
Is 90043267 a composite number?
False
Is 20399629 composite?
True
Is 17467987 a prime number?
False
Is 6895583 a prime number?
True
Is 9483169 a prime number?
True
Is 2859121 a prime number?
True
Is 1959439 a composite number?
True
Is 189191 composite?
True
Is 983590921 prime?
True
Is 289555489 prime?
False
Is 42933839 a prime number?
False
Is 14924341 prime?
True
Is 86032117 composite?
True
Is 16235483 prime?
False
Is 18164479 composite?
False
Is 6556331 a prime number?
True
Is 23646341 composite?
False
Is 255439213 a prime number?
False
Is 329455537 composite?
True
Is 1894181 composite?
False
Is 160764577 prime?
True
Is 179012803 prime?
True
Is 120436573 a prime number?
False
Is 54591059 a composite number?
False
Is 13496947 a prime number?
True
Is 3829169 a prime number?
True
Is 1219171 prime?
False
Is 221549 prime?
True
Is 11999249 a composite number?
True
Is 54979693 a prime number?
True
Is 18692117 composite?
False
Is 16728359 a prime number?
False
Is 166958933 a prime number?
False
Is 3743897 a composite number?
False
Is 30636077 composite?
True
Is 78362527 composite?
True
Is 12068983 prime?
False
Is 9706409 a prime number?
True
Is 536582482 a prime number?
False
Is 633643 composite?
True
Is 421009 composite?
False
Is 21800371 a prime number?
False
Is 30834827 prime?
False
Is 11659097 a prime number?
True
Is 44205871 composite?
False
Is 2000755 composite?
True
Is 2132719 composite?
True
Is 6154591 a composite number?
False
Is 3913079 a prime number?
False
Is 271153091 prime?
False
Is 53606549 a composite number?
False
Is 1651922531 a composite number?
True
Is 1055629285 prime?
False
Is 1371371 a composite number?
True
Is 61240027 prime?
True
Is 174825191 a composite number?
False
Is 12173277 prime?
False
Is 4162553 a prime number?
False
Is 814687 prime?
True
Is 2998483 a composite number?
False
Is 91015471 composite?
True
Is 57146429 prime?
True
Is 13185539 a prime number?
True
Is 73641313 prime?
False
Is 25229251 prime?
True
Is 309106933 a composite number?
False
Is 67818809 a prime number?
False
Is 3096679 prime?
True
Is 8327647 prime?
False
Is 19359919 prime?
False
Is 8763799 a composite number?
True
Is 16819669 prime?
True
Is 698941709 prime?
True
Is 69567 prime?
False
Is 9442523 composite?
False
Is 50541329 prime?
False
Is 14481953 prime?
True
Is 8582453 composite?
True
Is 2129 composite?
False
Is 176067169 a prime number?
True
Is 4489201 prime?
False
Is 205659799 composite?
True
Is 208770547 a composite number?
True
Is 16065397 composite?
True
Is 81349373 prime?
False
Is 665998951 a prime number?
True
Is 16047953 composite?
False
Is 48079301 a prime number?
False
Is 41938331 composite?
True
Is 35300333 prime?
True
Is 7648601 a composite number?
True
Is 8687359 prime?
True
Is 56016383 prime?
True
Is 11066281 a composite number?
False
Is 25283983 a composite number?
True
Is 3895709 a composite number?
False
Is 119533 prime?
True
Is 61884079 a prime number?
False
Is 675391 a prime number?
True
Is 847022629 a prime number?
True
Is 1094879 a composite number?
True
Is 100941017 prime?
False
Is 6425863 a prime number?
True
Is 25459909 prime?
False
Is 2891359 a composite number?
False
Is 13957271 prime?
True
Is 22683179 a composite number?
False
Is 856369 composite?
False
Is 754627 a composite number?
False
Is 58790783 a composite number?
True
Is 357041 prime?
False
Is 129319249 prime?
True
Is 90043051 a composite number?
True
Is 19429427 a prime number?
True
Is 5818819 prime?
True
Is 2015303 a prime number?
True
Is 216397469 a prime number?
True
Is 538509899 a prime number?
False
Is 179883643 a prime number?
False
Is 83511419 a composite number?
False
Is 66089759 a prime number?
False
Is 188396899 a composite number?
False
Is 2175713 composite?
False
Is 1772123 a composite number?
True
Is 314230937 a composite number?
True
Is 1085893 composite?
True
Is 291332539 a composite number?
True
Is 4796179 composite?
False
Is 11575743 composite?
True
Is 43677411 a prime number?
False
Is 22350763 a prime number?
False
Is 12001477 composite?
True
Is 283462117 a composite number?
False
Is 16743553 a prime number?
False
Is 1520417 a composite number?
False
Is 4771121 a prime number?
True
Is 11292758 a prime number?
False
Is 106838269 a prime number?
True
Is 138008719 a prime number?
True
Is 54016481 a prime number?
True
Is 2733733 a composite number?
False
Is 15475609 composite?
True
Is 1458733 a prime number?
False
Is 1790557 a prime number?
True
Is 16354487 prime?
True
Is 666959 a prime number?
True
Is 4129849 a prime number?
False
Is 191010227 a prime number?
True
Is 143305951 a prime number?
False
Is 198808741 composite?
False
Is 125059591 a composite number?
False
Is 14143 composite?
False
Is 1994987 a composite number?
True
Is 1413749 composite?
False
Is 1059373 a composite number?
True
Is 9028919 composite?
False
Is 807757 prime?
True
Is 24100255 prime?
False
Is 39151087 composite?
False
Is 963593 a prime number?
False
Is 7369517 prime?
False
Is 9988743 a prime number?
False
Is 174612611 a prime number?
True
Is 5130253 a composite number?
False
Is 183698959 prime?
True
Is 995411 a prime number?
False
Is 286129 prime?
True
Is 2156401 composite?
True
Is 115893523 a composite number?
True
Is 158317637 a composite number?
False
Is 9454813 composite?
False
Is 108275107 a composite number?
False
Is 21741173 a composite number?
False
Is 3709939 composite?
False
Is 2389241 a composite number?
False
Is 13568209 a composite number?
False
Is 18722687 composite?
True
Is 1345859 composite?
False
Is 16194377 prime?
True
Is 100296057 prime?
False
Is 97381309 prime?
True
Is 37925831 a composite number?
True
Is 514840687 prime?
True
Is 156891127 a composite number?
False
Is 1649279 a prime number?
False
Is 4632937 a composite number?
True
Is 221042647 a prime number?
False
Is 983928157 a prime number?
False
Is 1169902 a composite number?
True
Is 371098571 a composite number?
True
Is 51668563 composite?
False
Is 3584271 a composite number?
True
Is 11153539 composite?
True
Is 6043831 a prime number?
True
Is 329863 a prime number?
True
Is 7674637 prime?
False
Is 1176737 a composite number?
False
Is 318732839 composite?
False
Is 19821379 a prime number?
True
Is 6513053 a composite number?
False
Is 1532273 prime?
False
Is 8338793 a composite number?
False
Is 33127 composite?
True
Is 600791 prime?
True
Is 5862599 a prime number?
True
Is 2593301 a composite number?
False
Is 1381634626 a prime number?
False
Is 224700031 a composite number?
False
Is 2888549 a composite number?
True
Is 1654111 prime?
True
Is 8245669 composite?
True
Is 1796321 prime?
True
Is 1370723 composite?
False
Is 5110283 a prime number?
True
Is 3143643 composite?
True
Is 32841917 a composite number?
False
Is 1676243 composite?
False
Is 3313003 a composite number?
False
Is 80626001 prime?
True
Is 28662457 prime?
False
Is 5068313 prime?
True
Is 950759 a prime number?
False
Is 61795082 a prime number?
False
Is 9203279 a composite number?
True
Is 4395767 a composite number?
True
Is 620421413 composite?
False
Is 11452507 a prime number?
False
Is 223357 a composite number?
True
Is 21090059 composite?
True
Is 272771 a prime number?
True
Is 73076513 a prime number?
True
Is 24812111 prime?
True
Is 69339251 a prime number?
True
Is 15742499 a composite number?
True
Is 2